 of 1082820?
1
What is the thousands digit of 125953?
5
What is the thousands digit of 17373819?
3
What is the hundreds digit of 814154?
1
What is the ten thousands digit of 28172?
2
What is the hundred thousands digit of 376405?
3
What is the thousands digit of 200672?
0
What is the tens digit of 587774?
7
What is the tens digit of 246426?
2
What is the units digit of 9880742?
2
What is the ten thousands digit of 99335?
9
What is the hundreds digit of 1867171?
1
What is the ten thousands digit of 345984?
4
What is the hundreds digit of 703673?
6
What is the ten thousands digit of 464216?
6
What is the thousands digit of 38452?
8
What is the tens digit of 277171?
7
What is the tens digit of 12053919?
1
What is the ten thousands digit of 58559?
5
What is the thousands digit of 6118826?
8
What is the ten thousands digit of 1259643?
5
What is the hundred thousands digit of 11873942?
8
What is the tens digit of 289475?
7
What is the millions digit of 2482616?
2
What is the ten millions digit of 18102474?
1
What is the thousands digit of 1313323?
3
What is the units digit of 14247011?
1
What is the units digit of 264693?
3
What is the hundreds digit of 1867849?
8
What is the tens digit of 152506?
0
What is the tens digit of 51075?
7
What is the hundred thousands digit of 7113191?
1
What is the units digit of 22858672?
2
What is the units digit of 1143282?
2
What is the ten thousands digit of 1221051?
2
What is the hundred thousands digit of 137237?
1
What is the hundreds digit of 15618816?
8
What is the ten thousands digit of 415760?
1
What is the tens digit of 277043?
4
What is the units digit of 2742998?
8
What is the units digit of 308868?
8
What is the ten thousands digit of 1460079?
6
What is the tens digit of 127337?
3
What is the hundreds digit of 8178931?
9
What is the thousands digit of 292317?
2
What is the hundreds digit of 2616380?
3
What is the millions digit of 1408365?
1
What is the units digit of 1505930?
0
What is the ten thousands digit of 4653137?
5
What is the hundreds digit of 3025831?
8
What is the tens digit of 10039967?
6
What is the units digit of 19934286?
6
What is the hundred thousands digit of 3562742?
5
What is the hundred thousands digit of 2497148?
4
What is the ten thousands digit of 149032?
4
What is the hundred thousands digit of 34477720?
4
What is the hundred thousands digit of 746940?
7
What is the ten thousands digit of 2946095?
4
What is the ten millions digit of 23220726?
2
What is the units digit of 2910488?
8
What is the thousands digit of 2651078?
1
What is the hundred thousands digit of 296001?
2
What is the units digit of 561940?
0
What is the tens digit of 2083807?
0
What is the hundred thousands digit of 4449532?
4
What is the ten thousands digit of 3009982?
0
What is the millions digit of 2663036?
2
What is the ten thousands digit of 29813635?
1
What is the ten thousands digit of 594805?
9
What is the hundred thousands digit of 2167025?
1
What is the ten thousands digit of 597397?
9
What is the hundred thousands digit of 901031?
9
What is the thousands digit of 851893?
1
What is the thousands digit of 191198?
1
What is the hundreds digit of 19651234?
2
What is the tens digit of 367085?
8
What is the hundreds digit of 2851743?
7
What is the thousands digit of 7799?
7
What is the thousands digit of 1339285?
9
What is the ten thousands digit of 6558611?
5
What is the hundred thousands digit of 1261602?
2
What is the hundreds digit of 915143?
1
What is the tens digit of 911936?
3
What is the hundred thousands digit of 3790985?
7
What is the millions digit of 2237929?
2
What is the thousands digit of 157091?
7
What is the hundreds digit of 336201?
2
What is the units digit of 11785713?
3
What is the thousands digit of 4920904?
0
What is the ten thousands digit of 593065?
9
What is the hundred thousands digit of 1739016?
7
What is the ten thousands digit of 457205?
5
What is the units digit of 104592?
2
What is the hundred thousands digit of 3413310?
4
What is the thousands digit of 9376392?
6
What is the hundreds digit of 220778?
7
What is the units digit of 217633?
3
What is the millions digit of 1347862?
1
What is the tens digit of 949616?
1
What is the millions digit of 5736958?
5
What is the thousands digit of 1290?
1
What is the units digit of 5707668?
8
What is the hundred thousands digit of 19726520?
7
What is the ten millions digit of 14231878?
1
What is the thousands digit of 386415?
6
What is the units digit of 773512?
2
What is the hundred thousands digit of 15768979?
7
What is the hundreds digit of 296229?
2
What is the millions digit of 3422882?
3
What is the hundreds digit of 9557011?
0
What is the ten thousands digit of 1046635?
4
What is the tens digit of 4319128?
2
What is the hundreds digit of 2973589?
5
What is the tens digit of 412753?
5
What is the hundreds digit of 450058?
0
What is the hundred thousands digit of 7330380?
3
What is the units digit of 2572050?
0
What is the ten thousands digit of 114888?
1
What is the hundreds digit of 253202?
2
What is the hundreds digit of 23522?
5
What is the ten thousands digit of 191080?
9
What is the units digit of 3196637?
7
What is the tens digit of 5546860?
6
What is the millions digit of 6703730?
6
What is the hundred thousands digit of 640568?
6
What is the hundreds digit of 2495832?
8
What is the hundreds digit of 4953793?
7
What is the hundreds digit of 249894?
8
What is the units digit of 140274?
4
What is the hundred thousands digit of 1287883?
2
What is the hundred thousands digit of 1691827?
6
What is the tens digit of 2049754?
5
What is the millions digit of 12405849?
2
What is the hundreds digit of 14479602?
6
What is the units digit of 167053?
3
What is the tens digit of 2018714?
1
What is the units digit of 33954896?
6
What is the tens digit of 310031?
3
What is the ten millions digit of 13849990?
1
What is the ten thousands digit of 1082959?
8
What is the hundreds digit of 1377232?
2
What is the millions digit of 2498405?
2
What is the ten thousands digit of 734661?
3
What is the units digit of 940095?
5
What is the hundred thousands digit of 210684?
2
What is the units digit of 1217691?
1
What is the hundreds digit of 2070811?
8
What is the millions digit of 3369336?
3
What is the ten thousands digit of 136053?
3
What is the thousands digit of 2257369?
7
What is the tens digit of 581075?
7
What is the millions digit of 8023116?
8
What is the hundreds digit of 882466?
4
What is the hundred thousands digit of 760429?
7
What is the hundreds digit of 2675559?
5
What is the ten thousands digit of 2541355?
4
What is the millions digit of 2833937?
2
What is the tens digit of 186012?
1
What is the thousands digit of 508252?
8
What is the ten thousands digit of 4941498?
4
What is the hundreds digit of 1337958?
9
What is the hundreds digit of 1299442?
4
What is the hundred thousands digit of 1899674?
8
What is the millions digit of 3254093?
3
What is the hundreds digit of 269196?
1
What is the tens digit of 4919720?
2
What is the ten thousands digit of 11487378?
8
What is the units digit of 47547?
7
What is the ten thousands digit of 88205?
8
What is the hundreds digit of 899514?
5
What is the ten thousands digit of 657072?
5
What is the hundred thousands digit of 242268?
2
What is the units digit of 3012377?
7
What is the millions digit of 1154312?
1
What is the tens digit of 637893?
9
What is the tens digit of 43075?
7
What is the hundred thousands digit of 246202?
2
What is the hundreds digit of 5273542?
5
What is the thousands digit of 77094?
7
What is the millions digit of 1755880?
1
What is the thousands digit of 2123930?
3
What is the hundreds digit of 2409628?
6
What is the hundreds digit of 1161550?
5
What is the hundreds digit of 167630?
6
What is the units digit of 153076?
6
What is the thousands digit of 41145?
1
What is the tens digit of 1099935?
3
What is the ten thousands digit of 139789?
3
What is the ten thousands digit of 180788?
8
What is the tens digit of 83144?
4
What is the units digit of 12169897?
7
What is the units digit of 1038445?
5
What is the hundreds digit of 6732645?
6
What is the tens digit of 6205694?
9
What is the hundreds digit of 105147?
1
What is the hundred thousands digit of 355109?
3
What is th